ided by 47?
24
What is the remainder when 3906 is divided by 42?
0
Calculate the remainder when 496 is divided by 69.
13
What is the remainder when 811 is divided by 87?
28
Calculate the remainder when 35 is divided by 11.
2
Calculate the remainder when 7999 is divided by 21.
19
Calculate the remainder when 2997 is divided by 744.
21
What is the remainder when 468 is divided by 446?
22
What is the remainder when 754 is divided by 40?
34
Calculate the remainder when 113 is divided by 10.
3
What is the remainder when 79 is divided by 45?
34
Calculate the remainder when 413 is divided by 316.
97
What is the remainder when 7522 is divided by 43?
40
Calculate the remainder when 428 is divided by 16.
12
What is the remainder when 56 is divided by 36?
20
What is the remainder when 2016 is divided by 20?
16
Calculate the remainder when 472 is divided by 9.
4
What is the remainder when 352 is divided by 299?
53
What is the remainder when 7374 is divided by 59?
58
Calculate the remainder when 1545 is divided by 36.
33
Calculate the remainder when 99 is divided by 20.
19
Calculate the remainder when 1548 is divided by 26.
14
What is the remainder when 259 is divided by 22?
17
Calculate the remainder when 992 is divided by 20.
12
Calculate the remainder when 377 is divided by 9.
8
Calculate the remainder when 870 is divided by 38.
34
What is the remainder when 121 is divided by 34?
19
Calculate the remainder when 1838 is divided by 7.
4
What is the remainder when 574 is divided by 64?
62
What is the remainder when 1962 is divided by 178?
4
What is the remainder when 385 is divided by 31?
13
Calculate the remainder when 59 is divided by 29.
1
Calculate the remainder when 321 is divided by 13.
9
Calculate the remainder when 165 is divided by 40.
5
What is the remainder when 37879 is divided by 183?
181
What is the remainder when 360 is divided by 26?
22
What is the remainder when 1017 is divided by 20?
17
What is the remainder when 154 is divided by 9?
1
Calculate the remainder when 1996 is divided by 9.
7
Calculate the remainder when 348 is divided by 50.
48
What is the remainder when 463 is divided by 9?
4
What is the remainder when 60 is divided by 9?
6
What is the remainder when 9230 is divided by 114?
110
What is the remainder when 2483 is divided by 23?
22
What is the remainder when 13761 is divided by 6?
3
Calculate the remainder when 4975 is divided by 21.
19
What is the remainder when 1647 is divided by 110?
107
What is the remainder when 1438 is divided by 24?
22
What is the remainder when 203 is divided by 30?
23
What is the remainder when 906 is divided by 182?
178
Calculate the remainder when 2185 is divided by 53.
12
Calculate the remainder when 8752 is divided by 103.
100
What is the remainder when 1241 is divided by 294?
65
What is the remainder when 4158 is divided by 65?
63
Calculate the remainder when 623 is divided by 78.
77
Calculate the remainder when 1180 is divided by 74.
70
Calculate the remainder when 229 is divided by 62.
43
Calculate the remainder when 2406 is divided by 1202.
2
What is the remainder when 516 is divided by 65?
61
Calculate the remainder when 91 is divided by 23.
22
Calculate the remainder when 908 is divided by 111.
20
What is the remainder when 112 is divided by 60?
52
Calculate the remainder when 217 is divided by 12.
1
Calculate the remainder when 109 is divided by 2.
1
Calculate the remainder when 290 is divided by 109.
72
Calculate the remainder when 7247 is divided by 302.
301
Calculate the remainder when 358 is divided by 166.
26
What is the remainder when 495 is divided by 83?
80
What is the remainder when 112 is divided by 6?
4
What is the remainder when 355 is divided by 85?
15
What is the remainder when 249 is divided by 42?
39
Calculate the remainder when 1409 is divided by 372.
293
Calculate the remainder when 351 is divided by 11.
10
What is the remainder when 3508 is divided by 15?
13
What is the remainder when 1599 is divided by 60?
39
What is the remainder when 295 is divided by 37?
36
Calculate the remainder when 817 is divided by 89.
16
What is the remainder when 276 is divided by 35?
31
What is the remainder when 5567 is divided by 16?
15
What is the remainder when 4270 is divided by 226?
202
What is the remainder when 150 is divided by 78?
72
Calculate the remainder when 189 is divided by 183.
6
What is the remainder when 1923 is divided by 129?
117
Calculate the remainder when 103 is divided by 12.
7
Calculate the remainder when 2139 is divided by 6.
3
Calculate the remainder when 6727 is divided by 68.
63
What is the remainder when 182 is divided by 93?
89
Calculate the remainder when 309 is divided by 30.
9
Calculate the remainder when 480 is divided by 38.
24
Calculate the remainder when 107 is divided by 24.
11
Calculate the remainder when 99 is divided by 6.
3
Calculate the remainder when 16262 is divided by 76.
74
Calculate the remainder when 67 is divided by 17.
16
What is the remainder when 5487 is divided by 10?
7
Calculate the remainder when 502 is divided by 28.
26
What is the remainder when 40 is divided by 8?
0
Calculate the remainder when 56 is divided by 19.
18
Calculate the remainder when 752 is divided by 247.
11
Calculate the remainder when 273 is divided by 16.
1
What is the remainder when 69 is divided by 48?
21
Calculate the remainder when 501 is divided by 22.
17
What is the remainder when 1819 is divided by 14?
13
What is the remainder when 210 is divided by 87?
36
What is the remainder when 168 is divided by 29?
23
Calculate the remainder when 2631 is divided by 139.
129
What is the remainder when 62 is divided by 32?
30
What is the remainder when 116 is divided by 63?
53
Calculate the remainder when 216 is divided by 124.
92
What is the remainder when 814 is divided by 221?
151
What is the remainder when 6639 is divided by 151?
146
What is the remainder when 139 is divided by 35?
34
What is the remainder when 299 is divided by 34?
27
Calculate the remainder when 1404 is divided by 47.
41
What is the remainder when 388 is divided by 44?
36
What is the remainder when 316 is divided by 20?
16
Calculate the remainder when 733 is divided by 105.
103
What is the remainder when 28 is divided by 21?
7
What is the remainder when 565 is divided by 168?
61
What is the remainder when 96 is divided by 14?
12
Calculate the remainder when 285 is divided by 24.
21
Calculate the remainder when 104 is divided by 9.
5
Calculate the remainder when 586 is divided by 21.
19
Calculate the remainder when 706 is divided by 27.
4
What is the remainder when 6387 is divided by 9?
6
What is the remainder when 542 is divided by 32?
30
Calculate the remainder when 4277 is divided by 19.
2
What is the remainder when 166 is divided by 93?
73
What is the remainder when 226 is divided by 4?
2
What is the remainder when 643 is divided by 17?
14
What is the remainder when 210 is divided by 210?
0
Calculate the remainder when 933 is divided by 224.
37
Calculate the remainder when 778 is divided by 132.
118
Calculate the remainder when 1088 is divided by 69.
53
Calculate the remainder when 3152 is divided by 38.
36
Calculate the remainder when 8 is divided by 5.
3
What is the remainder when 3293 is divided by 54?
53
Calculate the remainder when 133 is divided by 103.
30
What is the remainder when 240 is divided by 75?
15
What is the remainder when 22896 is divided by 214?
212
What is the remainder when 1051 is divided by 16?
11
What is the remainder when 5371 is divided by 34?
33
Calculate the remainder when 630 is divided by 4.
2
What is the remainder when 373 is divided by 127?
119
Calculate the remainder when 188 is divided by 22.
12
What is the remainder when 278 is divided by 93?
92
Calculate the remainder when 311 is divided by 103.
2
What is the remainder when 67 is divided by 8?
3
What is the remainder when 6652 is divided by 121?
118
Calculate the remainder when 78 is divided by 51.
27
Calculate the remainder when 5901 is divided by 179.
173
Calculate the remainder when 306 is divided by 14.
12
Calculate the remainder when 255 is divided by 22.
13
Calculate the remainder when 2005 is divided by 243.
61
Calculate the remainder when 186 is divided by 14.
4
What is the remainder when 694 is div